{"id":1058,"date":"2020-03-05T15:54:15","date_gmt":"2020-03-05T15:54:15","guid":{"rendered":"http:\/\/matuma.uma.pt\/?page_id=1058"},"modified":"2026-03-11T16:16:40","modified_gmt":"2026-03-11T16:16:40","slug":"submissao-de-resumos","status":"publish","type":"page","link":"https:\/\/matuma.uma.pt\/index.php\/submissao-de-resumos\/","title":{"rendered":"Submiss\u00e3o de resumos"},"content":{"rendered":"<p>Os resumos das comunica\u00e7\u00f5es devem ser submetidos (nas vers\u00f5es LaTeX\/Word e pdf) at\u00e9 ao dia 26 de abril de 2026, atrav\u00e9s do endere\u00e7o eletr\u00f3nico <a href=\"mailto:matuma@mail.uma.pt\" target=\"_blank\" rel=\"noopener\">matuma@mail.uma.pt<\/a>.<\/p>\n<p>A edi\u00e7\u00e3o dos resumos pode ser feita em LaTex (preferencialmente) ou em Word, segundo os seguintes modelos: <a href=\"http:\/\/matuma.uma.pt\/wp-content\/uploads\/2026\/03\/Modelo-Tex.tar\">LaTex<\/a>\/<a href=\"http:\/\/matuma.uma.pt\/wp-content\/uploads\/2026\/03\/Modelo-Word.tar\">Word<\/a>.<\/p>\n<p>As comunica\u00e7\u00f5es podem ser orais ou em formato de p\u00f3ster, sendo estas \u00faltimas destinadas, essencialmente, a estudantes.<\/p>\n\n\n<p><\/p>\n","protected":false},"excerpt":{"rendered":"<p>Os resumos das comunica\u00e7\u00f5es devem ser submetidos (nas vers\u00f5es LaTeX\/Word e pdf) at\u00e9 ao dia 26 de abril de 2026, atrav\u00e9s do endere\u00e7o eletr\u00f3nico matuma@mail.uma.pt. A edi\u00e7\u00e3o dos resumos pode ser feita em LaTex (preferencialmente) ou em Word, segundo os seguintes modelos: LaTex\/Word. As comunica\u00e7\u00f5es podem ser orais ou em formato de p\u00f3ster, sendo estas &hellip; <a href=\"https:\/\/matuma.uma.pt\/index.php\/submissao-de-resumos\/\" class=\"more-link\">Continuar a ler <span class=\"screen-reader-text\">Submiss\u00e3o de resumos<\/span><\/a><\/p>\n","protected":false},"author":1,"featured_media":0,"parent":0,"menu_order":0,"comment_status":"closed","ping_status":"closed","template":"","meta":{"footnotes":""},"class_list":["post-1058","page","type-page","status-publish","hentry"],"_links":{"self":[{"href":"https:\/\/matuma.uma.pt\/index.php\/wp-json\/wp\/v2\/pages\/1058","targetHints":{"allow":["GET"]}}],"collection":[{"href":"https:\/\/matuma.uma.pt\/index.php\/wp-json\/wp\/v2\/pages"}],"about":[{"href":"https:\/\/matuma.uma.pt\/index.php\/wp-json\/wp\/v2\/types\/page"}],"author":[{"embeddable":true,"href":"https:\/\/matuma.uma.pt\/index.php\/wp-json\/wp\/v2\/users\/1"}],"replies":[{"embeddable":true,"href":"https:\/\/matuma.uma.pt\/index.php\/wp-json\/wp\/v2\/comments?post=1058"}],"version-history":[{"count":15,"href":"https:\/\/matuma.uma.pt\/index.php\/wp-json\/wp\/v2\/pages\/1058\/revisions"}],"predecessor-version":[{"id":1158,"href":"https:\/\/matuma.uma.pt\/index.php\/wp-json\/wp\/v2\/pages\/1058\/revisions\/1158"}],"wp:attachment":[{"href":"https:\/\/matuma.uma.pt\/index.php\/wp-json\/wp\/v2\/media?parent=1058"}],"curies":[{"name":"wp","href":"https:\/\/api.w.org\/{rel}","templated":true}]}}