{"id":19,"date":"2016-03-16T17:24:11","date_gmt":"2016-03-16T17:24:11","guid":{"rendered":"http:\/\/matuma.uma.pt\/?page_id=19"},"modified":"2017-03-03T18:50:09","modified_gmt":"2017-03-03T18:50:09","slug":"sobre-o-workshop1","status":"publish","type":"page","link":"https:\/\/matuma.uma.pt\/index.php\/sobre-o-workshop1\/","title":{"rendered":"I Workshop Matem\u00e1tica na UMa &#8211; Sobre o Workshop"},"content":{"rendered":"<p><span style=\"color: #999999;\"><img loading=\"lazy\" decoding=\"async\" class=\"wp-image-85 alignright\" src=\"http:\/\/matuma.uma.pt\/wp-content\/uploads\/2016\/03\/Rita-300x296.png\" alt=\"Rita\" width=\"165\" height=\"163\" srcset=\"https:\/\/matuma.uma.pt\/wp-content\/uploads\/2016\/03\/Rita-300x296.png 300w, https:\/\/matuma.uma.pt\/wp-content\/uploads\/2016\/03\/Rita.png 338w\" sizes=\"auto, (max-width: 165px) 100vw, 165px\" \/><\/span><span style=\"color: #000000;\">Data: 13 de junho de 2016.<\/span><\/p>\n<p><span style=\"color: #000000;\">Local: Sala do Senado da Universidade da Madeira, Campus Universit\u00e1rio da Penteada, Funchal.<\/span><\/p>\n<div><\/div>\n<div style=\"text-align: justify;\"><span style=\"font-family: Verdana,Arial,Helvetica,sans-serif,Courier New;\">O workshop <em>Matem\u00e1tica na UMa<\/em> pretende ser uma celebra\u00e7\u00e3o da matem\u00e1tica na\u00a0Universidade da Madeira (UMa) e est\u00e1 dividido em duas partes. A primeira parte, que decorre na parte da manh\u00e3 do dia 13 de junho, destina-se \u00e0 partilha de conhecimentos pelos matem\u00e1ticos da\u00a0UMa, fomentando a cria\u00e7\u00e3o de potenciais colabora\u00e7\u00f5es cient\u00edficas. A segunda parte, que ocorre na parte da tarde, est\u00e1 reservada \u00e0 celebra\u00e7\u00e3o do sexag\u00e9simo anivers\u00e1rio da Professora Rita Vasconcelos, docente a quem foi atribu\u00eddo o primeiro doutoramento pela UMa. Esta celebra\u00e7\u00e3o incluir\u00e1 testemunhos de professores que t\u00eam acompanhado de perto o seu percurso. A Professora Rita Vasconcelos tem tido um papel relevante na Universidade da Madeira, quer na \u00e1rea de Probabilidades e Estat\u00edstica, quer noutras atividades, como sejam a presid\u00eancia do Departamento de Matem\u00e1tica, a presid\u00eancia do Col\u00e9gio Universit\u00e1rio e a presid\u00eancia do Conselho Pedag\u00f3gico.\u00a0<\/span><\/div>\n<div><span style=\"font-family: Verdana,Arial,Helvetica,sans-serif,Courier New;\"><br \/>\n<\/span><\/div>\n<p><span style=\"color: #999999;\">Organizadores: Ana Abreu, D\u00e9lia Gouveia Reis e\u00a0Sandra Mendon\u00e7a.<br \/>\n<\/span><\/p>\n<div class=\"inside\"><\/div>\n","protected":false},"excerpt":{"rendered":"<p>Data: 13 de junho de 2016. Local: Sala do Senado da Universidade da Madeira, Campus Universit\u00e1rio da Penteada, Funchal. O workshop Matem\u00e1tica na UMa pretende ser uma celebra\u00e7\u00e3o da matem\u00e1tica na\u00a0Universidade da Madeira (UMa) e est\u00e1 dividido em duas partes. A primeira parte, que decorre na parte da manh\u00e3 do dia 13 de junho, destina-se &hellip; <a href=\"https:\/\/matuma.uma.pt\/index.php\/sobre-o-workshop1\/\" class=\"more-link\">Continuar a ler <span class=\"screen-reader-text\">I Workshop Matem\u00e1tica na UMa &#8211; Sobre o Workshop<\/span><\/a><\/p>\n","protected":false},"author":1,"featured_media":0,"parent":0,"menu_order":0,"comment_status":"closed","ping_status":"closed","template":"","meta":{"footnotes":""},"class_list":["post-19","page","type-page","status-publish","hentry"],"_links":{"self":[{"href":"https:\/\/matuma.uma.pt\/index.php\/wp-json\/wp\/v2\/pages\/19","targetHints":{"allow":["GET"]}}],"collection":[{"href":"https:\/\/matuma.uma.pt\/index.php\/wp-json\/wp\/v2\/pages"}],"about":[{"href":"https:\/\/matuma.uma.pt\/index.php\/wp-json\/wp\/v2\/types\/page"}],"author":[{"embeddable":true,"href":"https:\/\/matuma.uma.pt\/index.php\/wp-json\/wp\/v2\/users\/1"}],"replies":[{"embeddable":true,"href":"https:\/\/matuma.uma.pt\/index.php\/wp-json\/wp\/v2\/comments?post=19"}],"version-history":[{"count":34,"href":"https:\/\/matuma.uma.pt\/index.php\/wp-json\/wp\/v2\/pages\/19\/revisions"}],"predecessor-version":[{"id":512,"href":"https:\/\/matuma.uma.pt\/index.php\/wp-json\/wp\/v2\/pages\/19\/revisions\/512"}],"wp:attachment":[{"href":"https:\/\/matuma.uma.pt\/index.php\/wp-json\/wp\/v2\/media?parent=19"}],"curies":[{"name":"wp","href":"https:\/\/api.w.org\/{rel}","templated":true}]}}